{"id":16860,"date":"2024-09-07T10:02:18","date_gmt":"2024-09-07T08:02:18","guid":{"rendered":"https:\/\/capesterelascape.fr\/?post_type=information&#038;p=16860"},"modified":"2024-09-07T10:02:19","modified_gmt":"2024-09-07T08:02:19","slug":"presentation-de-la-vision-a-5-ans-phase-2-le-14-09","status":"publish","type":"information","link":"https:\/\/capesterelascape.fr\/en\/house-owner-area\/informations-proprietaires\/presentation-de-la-vision-a-5-ans-phase-2-le-14-09\/","title":{"rendered":"Pr\u00e9sentation de la &#8220;Vision \u00e0 5 ans&#8221; \/ phase 2 : le 14\/09."},"content":{"rendered":"\n<p>Chers copropri\u00e9taires,<br><br>L\u2019\u00e9t\u00e9 2023, nous vous avions pr\u00e9sent\u00e9 les conclusions du groupe travail \u00ab&nbsp;VISION A 5 ANS&nbsp;\u00bb &nbsp;phase 1, du projet \u00ab &nbsp;CAP ESTEREL \/ demain&nbsp;\u00bb.<br><br>Cette fin d\u2019\u00e9t\u00e9 2024, nous voulons vous pr\u00e9senter la suite de la \u00ab&nbsp; VISION A 5 ANS&nbsp;\u00bb qui concerne l\u2019\u00e9tape suivante, la phase 2.<br><br>Ainsi nous vous invitons \u00e0 participer \u00e0 la r\u00e9union de pr\u00e9sentation \u00ab&nbsp;VISION A 5 ANS &#8211; remont\u00e9e en gamme &#8211; phase 2&nbsp;\u00bb &nbsp;le<strong>&nbsp;14 Septembre 2024 de 10 H \u00e0 11H30.&nbsp;<\/strong><br><br>&#8211; Soit en pr\u00e9sentiel \u00e0 la salle de l\u2019ASCAPE (20\/30 de places)<br><br>&#8211; Soit en visioconf\u00e9rence o\u00f9 nous avons plus de possibilit\u00e9s (100 connexions maximum)<br><br>Comment s\u2019inscrire \u00e0 Visioconf\u00e9rence ?<br><br>&#8211; d\u2019abord adressez un mail d\u2019inscription \u00e0&nbsp;<a href=\"mailto:contact@capesterelascape.fr\" target=\"_blank\" rel=\"noreferrer noopener\">contact@capesterelascape.fr<\/a><br><br>&#8211; 24 h avant la r\u00e9union, un lien vous sera adress\u00e9.<br><br>Dans l\u2019attente d\u2019\u00e9changer ensemble,<br><br>Cordialement<br><br><em>Pour l\u2019\u00e9quipe \u00ab &nbsp;VISION A 5 ANS&nbsp;\u00bb , Gilles DELANOE et Christian LEMAIRE&nbsp;<\/em><\/p>\n\n\n\n<figure class=\"wp-block-image size-large is-style-rounded\"><img decoding=\"async\" width=\"1024\" height=\"615\" src=\"https:\/\/capesterelascape.fr\/wp-content\/uploads\/2024\/09\/VISION-cv-1024x615.jpg\" data-orig-src=\"https:\/\/capesterelascape.fr\/wp-content\/uploads\/2024\/09\/VISION-cv-1024x615.jpg\" alt=\"\" class=\"lazyload wp-image-16897\" srcset=\"data:image\/svg+xml,%3Csvg%20xmlns%3D%27http%3A%2F%2Fwww.w3.org%2F2000%2Fsvg%27%20width%3D%271024%27%20height%3D%27615%27%20viewBox%3D%270%200%201024%20615%27%3E%3Crect%20width%3D%271024%27%20height%3D%27615%27%20fill-opacity%3D%220%22%2F%3E%3C%2Fsvg%3E\" data-srcset=\"https:\/\/capesterelascape.fr\/wp-content\/uploads\/2024\/09\/VISION-cv-50x30.jpg 50w, https:\/\/capesterelascape.fr\/wp-content\/uploads\/2024\/09\/VISION-cv-200x120.jpg 200w, https:\/\/capesterelascape.fr\/wp-content\/uploads\/2024\/09\/VISION-cv-300x180.jpg 300w, https:\/\/capesterelascape.fr\/wp-content\/uploads\/2024\/09\/VISION-cv-400x240.jpg 400w, https:\/\/capesterelascape.fr\/wp-content\/uploads\/2024\/09\/VISION-cv-600x360.jpg 600w, https:\/\/capesterelascape.fr\/wp-content\/uploads\/2024\/09\/VISION-cv-768x461.jpg 768w, https:\/\/capesterelascape.fr\/wp-content\/uploads\/2024\/09\/VISION-cv-800x480.jpg 800w, https:\/\/capesterelascape.fr\/wp-content\/uploads\/2024\/09\/VISION-cv-1024x615.jpg 1024w, https:\/\/capesterelascape.fr\/wp-content\/uploads\/2024\/09\/VISION-cv.jpg 1183w\" data-sizes=\"auto\" data-orig-sizes=\"(max-width: 1024px) 100vw, 1024px\" \/><\/figure>\n","protected":false},"featured_media":16897,"template":"","class_list":["post-16860","information","type-information","status-publish","has-post-thumbnail","hentry"],"acf":[],"yoast_head":"<!-- This site is optimized with the Yoast SEO plugin v27.2 - https:\/\/yoast.com\/product\/yoast-seo-wordpress\/ -->\n<title>Pr\u00e9sentation de la &quot;Vision \u00e0 5 ans&quot; \/ phase 2 : le 14\/09. - CAP ESTEREL ASCAPE<\/title>\n<meta name=\"robots\" content=\"index, follow, max-snippet:-1, max-image-preview:large, max-video-preview:-1\" \/>\n<link rel=\"canonical\" href=\"https:\/\/capesterelascape.fr\/en\/house-owner-area\/informations-proprietaires\/presentation-de-la-vision-a-5-ans-phase-2-le-14-09\/\" \/>\n<meta property=\"og:locale\" content=\"en_US\" \/>\n<meta property=\"og:type\" content=\"article\" \/>\n<meta property=\"og:title\" content=\"Pr\u00e9sentation de la &quot;Vision \u00e0 5 ans&quot; \/ phase 2 : le 14\/09. - CAP ESTEREL ASCAPE\" \/>\n<meta property=\"og:description\" content=\"Chers copropri\u00e9taires, L\u2019\u00e9t\u00e9 2023, nous vous avions pr\u00e9sent\u00e9 les conclusions [...]\" \/>\n<meta property=\"og:url\" content=\"https:\/\/capesterelascape.fr\/en\/house-owner-area\/informations-proprietaires\/presentation-de-la-vision-a-5-ans-phase-2-le-14-09\/\" \/>\n<meta property=\"og:site_name\" content=\"CAP ESTEREL ASCAPE\" \/>\n<meta property=\"article:publisher\" content=\"https:\/\/www.facebook.com\/capesterel.ascape.7\" \/>\n<meta property=\"article:modified_time\" content=\"2024-09-07T08:02:19+00:00\" \/>\n<meta property=\"og:image\" content=\"https:\/\/capesterelascape.fr\/wp-content\/uploads\/2024\/09\/VISION-cv.jpg\" \/>\n\t<meta property=\"og:image:width\" content=\"1183\" \/>\n\t<meta property=\"og:image:height\" content=\"710\" \/>\n\t<meta property=\"og:image:type\" content=\"image\/jpeg\" \/>\n<meta name=\"twitter:card\" content=\"summary_large_image\" \/>\n<meta name=\"twitter:label1\" content=\"Est. reading time\" \/>\n\t<meta name=\"twitter:data1\" content=\"2 minutes\" \/>\n<script type=\"application\/ld+json\" class=\"yoast-schema-graph\">{\"@context\":\"https:\/\/schema.org\",\"@graph\":[{\"@type\":\"WebPage\",\"@id\":\"https:\/\/capesterelascape.fr\/en\/house-owner-area\/informations-proprietaires\/presentation-de-la-vision-a-5-ans-phase-2-le-14-09\/\",\"url\":\"https:\/\/capesterelascape.fr\/en\/house-owner-area\/informations-proprietaires\/presentation-de-la-vision-a-5-ans-phase-2-le-14-09\/\",\"name\":\"Pr\u00e9sentation de la \\\"Vision \u00e0 5 ans\\\" \/ phase 2 : le 14\/09. - CAP ESTEREL ASCAPE\",\"isPartOf\":{\"@id\":\"https:\/\/capesterelascape.fr\/en\/#website\"},\"primaryImageOfPage\":{\"@id\":\"https:\/\/capesterelascape.fr\/en\/house-owner-area\/informations-proprietaires\/presentation-de-la-vision-a-5-ans-phase-2-le-14-09\/#primaryimage\"},\"image\":{\"@id\":\"https:\/\/capesterelascape.fr\/en\/house-owner-area\/informations-proprietaires\/presentation-de-la-vision-a-5-ans-phase-2-le-14-09\/#primaryimage\"},\"thumbnailUrl\":\"https:\/\/capesterelascape.fr\/wp-content\/uploads\/2024\/09\/VISION-cv.jpg\",\"datePublished\":\"2024-09-07T08:02:18+00:00\",\"dateModified\":\"2024-09-07T08:02:19+00:00\",\"breadcrumb\":{\"@id\":\"https:\/\/capesterelascape.fr\/en\/house-owner-area\/informations-proprietaires\/presentation-de-la-vision-a-5-ans-phase-2-le-14-09\/#breadcrumb\"},\"inLanguage\":\"en-US\",\"potentialAction\":[{\"@type\":\"ReadAction\",\"target\":[\"https:\/\/capesterelascape.fr\/en\/house-owner-area\/informations-proprietaires\/presentation-de-la-vision-a-5-ans-phase-2-le-14-09\/\"]}]},{\"@type\":\"ImageObject\",\"inLanguage\":\"en-US\",\"@id\":\"https:\/\/capesterelascape.fr\/en\/house-owner-area\/informations-proprietaires\/presentation-de-la-vision-a-5-ans-phase-2-le-14-09\/#primaryimage\",\"url\":\"https:\/\/capesterelascape.fr\/wp-content\/uploads\/2024\/09\/VISION-cv.jpg\",\"contentUrl\":\"https:\/\/capesterelascape.fr\/wp-content\/uploads\/2024\/09\/VISION-cv.jpg\",\"width\":1183,\"height\":710},{\"@type\":\"BreadcrumbList\",\"@id\":\"https:\/\/capesterelascape.fr\/en\/house-owner-area\/informations-proprietaires\/presentation-de-la-vision-a-5-ans-phase-2-le-14-09\/#breadcrumb\",\"itemListElement\":[{\"@type\":\"ListItem\",\"position\":1,\"name\":\"Accueil\",\"item\":\"https:\/\/capesterelascape.fr\/en\/\"},{\"@type\":\"ListItem\",\"position\":2,\"name\":\"House owner Informations\",\"item\":\"https:\/\/capesterelascape.fr\/en\/house-owner-area\/informations-proprietaires\/\"},{\"@type\":\"ListItem\",\"position\":3,\"name\":\"Pr\u00e9sentation de la \u00ab\u00a0Vision \u00e0 5 ans\u00a0\u00bb \/ phase 2 : le 14\/09.\"}]},{\"@type\":\"WebSite\",\"@id\":\"https:\/\/capesterelascape.fr\/en\/#website\",\"url\":\"https:\/\/capesterelascape.fr\/en\/\",\"name\":\"CAP ESTEREL ASCAPE\",\"description\":\"\",\"potentialAction\":[{\"@type\":\"SearchAction\",\"target\":{\"@type\":\"EntryPoint\",\"urlTemplate\":\"https:\/\/capesterelascape.fr\/en\/?s={search_term_string}\"},\"query-input\":{\"@type\":\"PropertyValueSpecification\",\"valueRequired\":true,\"valueName\":\"search_term_string\"}}],\"inLanguage\":\"en-US\"}]}<\/script>\n<!-- \/ Yoast SEO plugin. -->","yoast_head_json":{"title":"Pr\u00e9sentation de la \"Vision \u00e0 5 ans\" \/ phase 2 : le 14\/09. - CAP ESTEREL ASCAPE","robots":{"index":"index","follow":"follow","max-snippet":"max-snippet:-1","max-image-preview":"max-image-preview:large","max-video-preview":"max-video-preview:-1"},"canonical":"https:\/\/capesterelascape.fr\/en\/house-owner-area\/informations-proprietaires\/presentation-de-la-vision-a-5-ans-phase-2-le-14-09\/","og_locale":"en_US","og_type":"article","og_title":"Pr\u00e9sentation de la \"Vision \u00e0 5 ans\" \/ phase 2 : le 14\/09. - CAP ESTEREL ASCAPE","og_description":"Chers copropri\u00e9taires, L\u2019\u00e9t\u00e9 2023, nous vous avions pr\u00e9sent\u00e9 les conclusions [...]","og_url":"https:\/\/capesterelascape.fr\/en\/house-owner-area\/informations-proprietaires\/presentation-de-la-vision-a-5-ans-phase-2-le-14-09\/","og_site_name":"CAP ESTEREL ASCAPE","article_publisher":"https:\/\/www.facebook.com\/capesterel.ascape.7","article_modified_time":"2024-09-07T08:02:19+00:00","og_image":[{"width":1183,"height":710,"url":"https:\/\/capesterelascape.fr\/wp-content\/uploads\/2024\/09\/VISION-cv.jpg","type":"image\/jpeg"}],"twitter_card":"summary_large_image","twitter_misc":{"Est. reading time":"2 minutes"},"schema":{"@context":"https:\/\/schema.org","@graph":[{"@type":"WebPage","@id":"https:\/\/capesterelascape.fr\/en\/house-owner-area\/informations-proprietaires\/presentation-de-la-vision-a-5-ans-phase-2-le-14-09\/","url":"https:\/\/capesterelascape.fr\/en\/house-owner-area\/informations-proprietaires\/presentation-de-la-vision-a-5-ans-phase-2-le-14-09\/","name":"Pr\u00e9sentation de la \"Vision \u00e0 5 ans\" \/ phase 2 : le 14\/09. - CAP ESTEREL ASCAPE","isPartOf":{"@id":"https:\/\/capesterelascape.fr\/en\/#website"},"primaryImageOfPage":{"@id":"https:\/\/capesterelascape.fr\/en\/house-owner-area\/informations-proprietaires\/presentation-de-la-vision-a-5-ans-phase-2-le-14-09\/#primaryimage"},"image":{"@id":"https:\/\/capesterelascape.fr\/en\/house-owner-area\/informations-proprietaires\/presentation-de-la-vision-a-5-ans-phase-2-le-14-09\/#primaryimage"},"thumbnailUrl":"https:\/\/capesterelascape.fr\/wp-content\/uploads\/2024\/09\/VISION-cv.jpg","datePublished":"2024-09-07T08:02:18+00:00","dateModified":"2024-09-07T08:02:19+00:00","breadcrumb":{"@id":"https:\/\/capesterelascape.fr\/en\/house-owner-area\/informations-proprietaires\/presentation-de-la-vision-a-5-ans-phase-2-le-14-09\/#breadcrumb"},"inLanguage":"en-US","potentialAction":[{"@type":"ReadAction","target":["https:\/\/capesterelascape.fr\/en\/house-owner-area\/informations-proprietaires\/presentation-de-la-vision-a-5-ans-phase-2-le-14-09\/"]}]},{"@type":"ImageObject","inLanguage":"en-US","@id":"https:\/\/capesterelascape.fr\/en\/house-owner-area\/informations-proprietaires\/presentation-de-la-vision-a-5-ans-phase-2-le-14-09\/#primaryimage","url":"https:\/\/capesterelascape.fr\/wp-content\/uploads\/2024\/09\/VISION-cv.jpg","contentUrl":"https:\/\/capesterelascape.fr\/wp-content\/uploads\/2024\/09\/VISION-cv.jpg","width":1183,"height":710},{"@type":"BreadcrumbList","@id":"https:\/\/capesterelascape.fr\/en\/house-owner-area\/informations-proprietaires\/presentation-de-la-vision-a-5-ans-phase-2-le-14-09\/#breadcrumb","itemListElement":[{"@type":"ListItem","position":1,"name":"Accueil","item":"https:\/\/capesterelascape.fr\/en\/"},{"@type":"ListItem","position":2,"name":"House owner Informations","item":"https:\/\/capesterelascape.fr\/en\/house-owner-area\/informations-proprietaires\/"},{"@type":"ListItem","position":3,"name":"Pr\u00e9sentation de la \u00ab\u00a0Vision \u00e0 5 ans\u00a0\u00bb \/ phase 2 : le 14\/09."}]},{"@type":"WebSite","@id":"https:\/\/capesterelascape.fr\/en\/#website","url":"https:\/\/capesterelascape.fr\/en\/","name":"CAP ESTEREL ASCAPE","description":"","potentialAction":[{"@type":"SearchAction","target":{"@type":"EntryPoint","urlTemplate":"https:\/\/capesterelascape.fr\/en\/?s={search_term_string}"},"query-input":{"@type":"PropertyValueSpecification","valueRequired":true,"valueName":"search_term_string"}}],"inLanguage":"en-US"}]}},"_links":{"self":[{"href":"https:\/\/capesterelascape.fr\/en\/wp-json\/wp\/v2\/information\/16860","targetHints":{"allow":["GET"]}}],"collection":[{"href":"https:\/\/capesterelascape.fr\/en\/wp-json\/wp\/v2\/information"}],"about":[{"href":"https:\/\/capesterelascape.fr\/en\/wp-json\/wp\/v2\/types\/information"}],"wp:featuredmedia":[{"embeddable":true,"href":"https:\/\/capesterelascape.fr\/en\/wp-json\/wp\/v2\/media\/16897"}],"wp:attachment":[{"href":"https:\/\/capesterelascape.fr\/en\/wp-json\/wp\/v2\/media?parent=16860"}],"curies":[{"name":"wp","href":"https:\/\/api.w.org\/{rel}","templated":true}]}}

Présentation de la &#8220;Vision à 5 ans&#8221; / phase 2 : le 14/09.

<p>Chers copropriétaires,<br><br>L’été 2023, nous vous avions présenté les conclusions du groupe travail «&nbsp;VISION A 5 ANS&nbsp;» &nbsp;phase 1, du projet « &nbsp;CAP ESTEREL / demain&nbsp;».<br><br>Cette fin d’été 2024, nous voulons vous présenter la suite de la «&nbsp; VISION A 5 ANS&nbsp;» qui concerne l’étape suivante, la phase 2.<br><br>Ainsi nous vous invitons à participer à la réunion de présentation «&nbsp;VISION A 5 ANS &#8211; remontée en gamme &#8211; phase 2&nbsp;» &nbsp;le<strong>&nbsp;14 Septembre 2024 de 10 H à 11H30.&nbsp;</strong><br><br>&#8211; Soit en présentiel à la salle de l’ASCAPE (20/30 de places)<br><br>&#8211; Soit en visioconférence où nous avons plus de possibilités (100 connexions maximum)<br><br>Comment s’inscrire à Visioconférence ?<br><br>&#8211; d’abord adressez un mail d’inscription à&nbsp;<a href="mailto:contact@capesterelascape.fr" target="_blank" rel="noreferrer noopener">contact@capesterelascape.fr</a><br><br>&#8211; 24 h avant la réunion, un lien vous sera adressé.<br><br>Dans l’attente d’échanger ensemble,<br><br>Cordialement<br><br><em>Pour l’équipe « &nbsp;VISION A 5 ANS&nbsp;» , Gilles DELANOE et Christian LEMAIRE&nbsp;</em></p>



<figure class="wp-block-image size-large is-style-rounded"><img decoding="async" width="1024" height="615" src="https://capesterelascape.fr/wp-content/uploads/2024/09/VISION-cv-1024x615.jpg" data-orig-src="https://capesterelascape.fr/wp-content/uploads/2024/09/VISION-cv-1024x615.jpg" alt="" class="lazyload wp-image-16897" srcset="data:image/svg+xml,%3Csvg%20xmlns%3D%27http%3A%2F%2Fwww.w3.org%2F2000%2Fsvg%27%20width%3D%271024%27%20height%3D%27615%27%20viewBox%3D%270%200%201024%20615%27%3E%3Crect%20width%3D%271024%27%20height%3D%27615%27%20fill-opacity%3D%220%22%2F%3E%3C%2Fsvg%3E" data-srcset="https://capesterelascape.fr/wp-content/uploads/2024/09/VISION-cv-50x30.jpg 50w, https://capesterelascape.fr/wp-content/uploads/2024/09/VISION-cv-200x120.jpg 200w, https://capesterelascape.fr/wp-content/uploads/2024/09/VISION-cv-300x180.jpg 300w, https://capesterelascape.fr/wp-content/uploads/2024/09/VISION-cv-400x240.jpg 400w, https://capesterelascape.fr/wp-content/uploads/2024/09/VISION-cv-600x360.jpg 600w, https://capesterelascape.fr/wp-content/uploads/2024/09/VISION-cv-768x461.jpg 768w, https://capesterelascape.fr/wp-content/uploads/2024/09/VISION-cv-800x480.jpg 800w, https://capesterelascape.fr/wp-content/uploads/2024/09/VISION-cv-1024x615.jpg 1024w, https://capesterelascape.fr/wp-content/uploads/2024/09/VISION-cv.jpg 1183w" data-sizes="auto" data-orig-sizes="(max-width: 1024px) 100vw, 1024px" /></figure>

<!-- This site is optimized with the Yoast SEO plugin v27.2 - https://yoast.com/product/yoast-seo-wordpress/ -->
<title>Présentation de la &quot;Vision à 5 ans&quot; / phase 2 : le 14/09. - CAP ESTEREL ASCAPE</title>
<meta name="robots" content="index, follow, max-snippet:-1, max-image-preview:large, max-video-preview:-1" />
<link rel="canonical" href="https://capesterelascape.fr/en/house-owner-area/informations-proprietaires/presentation-de-la-vision-a-5-ans-phase-2-le-14-09/" />
<meta property="og:locale" content="en_US" />
<meta property="og:type" content="article" />
<meta property="og:title" content="Présentation de la &quot;Vision à 5 ans&quot; / phase 2 : le 14/09. - CAP ESTEREL ASCAPE" />
<meta property="og:description" content="Chers copropriétaires, L’été 2023, nous vous avions présenté les conclusions [...]" />
<meta property="og:url" content="https://capesterelascape.fr/en/house-owner-area/informations-proprietaires/presentation-de-la-vision-a-5-ans-phase-2-le-14-09/" />
<meta property="og:site_name" content="CAP ESTEREL ASCAPE" />
<meta property="article:publisher" content="https://www.facebook.com/capesterel.ascape.7" />
<meta property="article:modified_time" content="2024-09-07T08:02:19+00:00" />
<meta property="og:image" content="https://capesterelascape.fr/wp-content/uploads/2024/09/VISION-cv.jpg" />
	<meta property="og:image:width" content="1183" />
	<meta property="og:image:height" content="710" />
	<meta property="og:image:type" content="image/jpeg" />
<meta name="twitter:card" content="summary_large_image" />
<meta name="twitter:label1" content="Est. reading time" />
	<meta name="twitter:data1" content="2 minutes" />
<script type="application/ld+json" class="yoast-schema-graph">{"@context":"https://schema.org","@graph":[{"@type":"WebPage","@id":"https://capesterelascape.fr/en/house-owner-area/informations-proprietaires/presentation-de-la-vision-a-5-ans-phase-2-le-14-09/","url":"https://capesterelascape.fr/en/house-owner-area/informations-proprietaires/presentation-de-la-vision-a-5-ans-phase-2-le-14-09/","name":"Présentation de la \"Vision à 5 ans\" / phase 2 : le 14/09. - CAP ESTEREL ASCAPE","isPartOf":{"@id":"https://capesterelascape.fr/en/#website"},"primaryImageOfPage":{"@id":"https://capesterelascape.fr/en/house-owner-area/informations-proprietaires/presentation-de-la-vision-a-5-ans-phase-2-le-14-09/#primaryimage"},"image":{"@id":"https://capesterelascape.fr/en/house-owner-area/informations-proprietaires/presentation-de-la-vision-a-5-ans-phase-2-le-14-09/#primaryimage"},"thumbnailUrl":"https://capesterelascape.fr/wp-content/uploads/2024/09/VISION-cv.jpg","datePublished":"2024-09-07T08:02:18+00:00","dateModified":"2024-09-07T08:02:19+00:00","breadcrumb":{"@id":"https://capesterelascape.fr/en/house-owner-area/informations-proprietaires/presentation-de-la-vision-a-5-ans-phase-2-le-14-09/#breadcrumb"},"inLanguage":"en-US","potentialAction":[{"@type":"ReadAction","target":["https://capesterelascape.fr/en/house-owner-area/informations-proprietaires/presentation-de-la-vision-a-5-ans-phase-2-le-14-09/"]}]},{"@type":"ImageObject","inLanguage":"en-US","@id":"https://capesterelascape.fr/en/house-owner-area/informations-proprietaires/presentation-de-la-vision-a-5-ans-phase-2-le-14-09/#primaryimage","url":"https://capesterelascape.fr/wp-content/uploads/2024/09/VISION-cv.jpg","contentUrl":"https://capesterelascape.fr/wp-content/uploads/2024/09/VISION-cv.jpg","width":1183,"height":710},{"@type":"BreadcrumbList","@id":"https://capesterelascape.fr/en/house-owner-area/informations-proprietaires/presentation-de-la-vision-a-5-ans-phase-2-le-14-09/#breadcrumb","itemListElement":[{"@type":"ListItem","position":1,"name":"Accueil","item":"https://capesterelascape.fr/en/"},{"@type":"ListItem","position":2,"name":"House owner Informations","item":"https://capesterelascape.fr/en/house-owner-area/informations-proprietaires/"},{"@type":"ListItem","position":3,"name":"Présentation de la « Vision à 5 ans » / phase 2 : le 14/09."}]},{"@type":"WebSite","@id":"https://capesterelascape.fr/en/#website","url":"https://capesterelascape.fr/en/","name":"CAP ESTEREL ASCAPE","description":"","potentialAction":[{"@type":"SearchAction","target":{"@type":"EntryPoint","urlTemplate":"https://capesterelascape.fr/en/?s={search_term_string}"},"query-input":{"@type":"PropertyValueSpecification","valueRequired":true,"valueName":"search_term_string"}}],"inLanguage":"en-US"}]}</script>
<!-- / Yoast SEO plugin. -->

Présentation de la "Vision à 5 ans" / phase 2 : le 14/09. - CAP ESTEREL ASCAPE

Chers copropriétaires, L’été 2023, nous vous avions présenté les conclusions [...]

Présentation de la « Vision à 5 ans » / phase 2 : le 14/09.
